{"id":132,"date":"2024-09-15T10:53:53","date_gmt":"2024-09-15T08:53:53","guid":{"rendered":"http:\/\/www.karmelitanki-misjonarki.pl\/?page_id=132"},"modified":"2024-11-02T11:45:00","modified_gmt":"2024-11-02T10:45:00","slug":"tozsamosc","status":"publish","type":"page","link":"http:\/\/www.karmelitanki-misjonarki.pl\/index.php\/tozsamosc\/","title":{"rendered":"To\u017csamo\u015b\u0107"},"content":{"rendered":"\n<div class=\"wp-block-media-text is-stacked-on-mobile is-vertically-aligned-top\" style=\"grid-template-columns:17% auto\"><figure class=\"wp-block-media-text__media\"><img fetchpriority=\"high\" decoding=\"async\" width=\"500\" height=\"500\" src=\"http:\/\/www.karmelitanki-misjonarki.pl\/wp-content\/uploads\/2024\/08\/cm.png\" alt=\"\" class=\"wp-image-69 size-full\"\/><\/figure><div class=\"wp-block-media-text__content\">\n<p>Karmelitanki Misjonarki to wsp\u00f3lnota zakonna kobiet konsekrowanych, kt\u00f3re staraj\u0105 si\u0119 prze\u017cywa\u0107 codzienno\u015b\u0107 g\u0142osz\u0105c mi\u0142o\u015b\u0107 Boga-Komunii do ka\u017cdego cz\u0142owieka i wsp\u00f3\u0142tworz\u0105c Ko\u015bci\u00f3\u0142-Eklezj\u0119 tam, gdzie jeste\u015bmy pos\u0142ane. <\/p>\n\n\n\n<p><\/p>\n<\/div><\/div>\n\n\n\n<p>Za\u0142o\u017cyciel zgromadzenia, b\u0142. Franciszek Palau Quer &#8211; karmelita bosy (1811-1872), przekaza\u0142 pierwszym wsp\u00f3lnotom kobiet i m\u0119\u017cczyzn owoce swojego poszukiwania na drodze wiary: piel\u0119gnowanie dynamiki pasji mi\u0142o\u015bci Boga i mi\u0142o\u015bci cz\u0142owieka, harmoni\u0119 kontemplacji i misji w Ko\u015bciele i dla Ko\u015bcio\u0142a, g\u0142\u0119bokie poczucie komunii braterskiej i siostrzanej w rado\u015bci, prostocie, wdzi\u0119czno\u015bci, dawaniu sobie empatii i przebaczenia.<\/p>\n\n\n\n<div class=\"wp-block-columns are-vertically-aligned-center is-layout-flex wp-container-core-columns-is-layout-9d6595d7 wp-block-columns-is-layout-flex\">\n<div class=\"wp-block-column is-vertically-aligned-center is-layout-flow wp-block-column-is-layout-flow\" style=\"flex-basis:100%\">\n<div class=\"wp-block-media-text is-stacked-on-mobile\" style=\"grid-template-columns:51% auto\"><figure class=\"wp-block-media-text__media\"><img decoding=\"async\" width=\"1050\" height=\"600\" src=\"http:\/\/www.karmelitanki-misjonarki.pl\/wp-content\/uploads\/2024\/09\/Diseno-sin-titulo.png\" alt=\"\" class=\"wp-image-180 size-full\"\/><\/figure><div class=\"wp-block-media-text__content\">\n<p class=\"has-text-align-left\">Karmelitanki Misjonarki pos\u0142uguj\u0105 na wszystkich kontynentach towarzysz\u0105c ka\u017cdemu, kto poszukuje i pragnie \u017cycia w pe\u0142ni. W Polsce siostry s\u0105 obecne od 1988 roku rozwijaj\u0105c charyzmat karmelita\u0144sko-palautia\u0144ski we wsp\u00f3nocie misji razem ze \u015bwieckim (Karmel Misyjny \u015awiecki): id\u0105c tam, gdzie Ko\u015bci\u00f3\u0142 spotyka si\u0119 ze \u015bwiatem.<\/p>\n<\/div><\/div>\n<\/div>\n<\/div>\n\n\n\n<p><\/p>\n\n\n\n<p><\/p>\n\n\n\n<p><\/p>\n\n\n\n<p><\/p>\n","protected":false},"excerpt":{"rendered":"<p>Karmelitanki Misjonarki to wsp\u00f3lnota zakonna kobiet konsekrowanych, kt\u00f3re staraj\u0105 si\u0119 prze\u017cywa\u0107 codzienno\u015b\u0107 g\u0142osz\u0105c mi\u0142o\u015b\u0107 Boga-Komunii do ka\u017cdego cz\u0142owieka i wsp\u00f3\u0142tworz\u0105c<\/p>\n","protected":false},"author":1,"featured_media":0,"parent":0,"menu_order":0,"comment_status":"closed","ping_status":"closed","template":"","meta":{"footnotes":""},"class_list":["post-132","page","type-page","status-publish","hentry","comments-off"],"_links":{"self":[{"href":"http:\/\/www.karmelitanki-misjonarki.pl\/index.php\/wp-json\/wp\/v2\/pages\/132","targetHints":{"allow":["GET"]}}],"collection":[{"href":"http:\/\/www.karmelitanki-misjonarki.pl\/index.php\/wp-json\/wp\/v2\/pages"}],"about":[{"href":"http:\/\/www.karmelitanki-misjonarki.pl\/index.php\/wp-json\/wp\/v2\/types\/page"}],"author":[{"embeddable":true,"href":"http:\/\/www.karmelitanki-misjonarki.pl\/index.php\/wp-json\/wp\/v2\/users\/1"}],"replies":[{"embeddable":true,"href":"http:\/\/www.karmelitanki-misjonarki.pl\/index.php\/wp-json\/wp\/v2\/comments?post=132"}],"version-history":[{"count":10,"href":"http:\/\/www.karmelitanki-misjonarki.pl\/index.php\/wp-json\/wp\/v2\/pages\/132\/revisions"}],"predecessor-version":[{"id":234,"href":"http:\/\/www.karmelitanki-misjonarki.pl\/index.php\/wp-json\/wp\/v2\/pages\/132\/revisions\/234"}],"wp:attachment":[{"href":"http:\/\/www.karmelitanki-misjonarki.pl\/index.php\/wp-json\/wp\/v2\/media?parent=132"}],"curies":[{"name":"wp","href":"https:\/\/api.w.org\/{rel}","templated":true}]}}

Tożsamość

<div class="wp-block-media-text is-stacked-on-mobile is-vertically-aligned-top" style="grid-template-columns:17% auto"><figure class="wp-block-media-text__media"><img fetchpriority="high" decoding="async" width="500" height="500" src="http://www.karmelitanki-misjonarki.pl/wp-content/uploads/2024/08/cm.png" alt="" class="wp-image-69 size-full"/></figure><div class="wp-block-media-text__content">
<p>Karmelitanki Misjonarki to wspólnota zakonna kobiet konsekrowanych, które starają się przeżywać codzienność głosząc miłość Boga-Komunii do każdego człowieka i współtworząc Kościół-Eklezję tam, gdzie jesteśmy posłane. </p>



<p></p>
</div></div>



<p>Założyciel zgromadzenia, bł. Franciszek Palau Quer &#8211; karmelita bosy (1811-1872), przekazał pierwszym wspólnotom kobiet i mężczyzn owoce swojego poszukiwania na drodze wiary: pielęgnowanie dynamiki pasji miłości Boga i miłości człowieka, harmonię kontemplacji i misji w Kościele i dla Kościoła, głębokie poczucie komunii braterskiej i siostrzanej w radości, prostocie, wdzięczności, dawaniu sobie empatii i przebaczenia.</p>



<div class="wp-block-columns are-vertically-aligned-center is-layout-flex wp-container-core-columns-is-layout-9d6595d7 wp-block-columns-is-layout-flex">
<div class="wp-block-column is-vertically-aligned-center is-layout-flow wp-block-column-is-layout-flow" style="flex-basis:100%">
<div class="wp-block-media-text is-stacked-on-mobile" style="grid-template-columns:51% auto"><figure class="wp-block-media-text__media"><img decoding="async" width="1050" height="600" src="http://www.karmelitanki-misjonarki.pl/wp-content/uploads/2024/09/Diseno-sin-titulo.png" alt="" class="wp-image-180 size-full"/></figure><div class="wp-block-media-text__content">
<p class="has-text-align-left">Karmelitanki Misjonarki posługują na wszystkich kontynentach towarzysząc każdemu, kto poszukuje i pragnie życia w pełni. W Polsce siostry są obecne od 1988 roku rozwijając charyzmat karmelitańsko-palautiański we wspónocie misji razem ze świeckim (Karmel Misyjny Świecki): idąc tam, gdzie Kościół spotyka się ze światem.</p>
</div></div>
</div>
</div>



<p></p>



<p></p>



<p></p>



<p></p>

<p>Karmelitanki Misjonarki to wspólnota zakonna kobiet konsekrowanych, które starają się przeżywać codzienność głosząc miłość Boga-Komunii do każdego człowieka i współtworząc</p>
